et w(s) = -s**2 + 12*s - 12. Let r be w(10). What is the units digit of (2 - (-4)/r)*2?
5
Suppose -4*g = g - 15. Suppose 2*a - 6*w = -w + 34, 6 = -g*w. What is the tens digit of a?
1
Let y = 16 - 9. Let o = y + -6. What is the units digit of o?
1
Let p = -19 - 0. Let r = p - -35. Let t = -11 + r. What is the units digit of t?
5
Suppose 2*k + 2 - 4 = 0. What is the units digit of (k + (-1)/2)*12?
6
Let q(i) = 7*i + 1. Let a be q(3). What is the units digit of (-4)/a + 642/22?
9
Let r(a) = a**2 + a + 25. Let v be r(0). Suppose -v = -2*q + 7*q, 0 = 2*p - q - 21. Suppose -2*g = -2 - p. What is the units digit of g?
5
Suppose 2*c = -2*c + 12. Let k(h) = 0*h**2 - 2*h**2 + 5*h + h**2 - 2. What is the units digit of k(c)?
4
Let w = -266 - -417. What is the tens digit of w?
5
Suppose -673 = -5*m - 118. What is the units digit of m?
1
Let u be -5 - (-12)/4 - -4. What is the units digit of 183/7 + u/(-14)?
6
Let q = 10 - -31. What is the tens digit of q?
4
Let i(u) be the first derivative of 4*u**3/3 - 4*u - 1. What is the units digit of i(2)?
2
What is the units digit of 1 - (-1 - 12/4)?
5
What is the tens digit of (77 - -9) + 4 + -1?
8
Let r be (-30)/9 - 3/(-9). What is the tens digit of 35 - (1 + -3 - r)?
3
Let g be (-14)/(-21)*15/(-2). Let f = g - -9. What is the units digit of f?
4
Suppose -d = -t - 4 + 1, t - 17 = -4*d. What is the units digit of ((-1)/2)/(d/(-8))?
1
Let v be 0 + (8 - 3 - 2). Let m(x) = -3*x + 3*x - 4*x**2 - 4*x**v - 2*x. What is the tens digit of m(-2)?
2
Let k be (6/(-4))/(3/4). Suppose -5*y - 3 = 3*d - 0*d, 15 = -5*y. Let g = d + k. What is the units digit of g?
2
What is the units digit of (1 + 160/6)/((-1)/(-3))?
3
Suppose -4*g + 61 = -2*g + 5*b, -4*g - 2*b + 130 = 0. What is the tens digit of g?
3
Let g(h) = -h**2 + 10*h + 3. Let y be g(10). Suppose 3*k - 15 = -y. Let a = 3 + k. What is the units digit of a?
7
Suppose -o = 47 - 335. What is the tens digit of o?
8
Suppose i - 164 = -i - 4*q, -3*i + 3*q + 246 = 0. What is the tens digit of i?
8
Suppose -4*w = -3*p - 23, 5*w + 11 = 4*p + 41. What is the units digit of w?
2
Suppose 5*q - 9 - 22 = r, -5*r = -q - 13. Suppose -3*o + 70 = 2*n + 22, -2*n + 56 = o. Suppose -4*m - n = -q*m. What is the units digit of m?
0
Let s = 22 - -12. Suppose -n + 32 = 3*n + 5*q, -2*n + 2*q + s = 0. What is the tens digit of n?
1
Let u be 4/(0 - -1) - 2. Suppose -x = u*l - 4, 2*l - 14 = -2*l + x. Suppose l*k - 4*f = k + 36, -3*k + 26 = f. What is the tens digit of k?
1
Let c = 67 + -1. What is the tens digit of c?
6
Suppose 2*f + 2*f + 112 = 0. Let d = f - -49. What is the tens digit of d?
2
Let w(l) = -46*l - 2. What is the units digit of w(-1)?
4
Let b(r) = r**3 - 3*r**2 - 3*r + 4. Let f be b(3). What is the tens digit of (-1)/((f/34)/5)?
3
Suppose -315 = -t - 2*t + h, 0 = h. What is the units digit of t?
5
Suppose -256 = 5*l - 36. What is the units digit of l/(-6) + 2/(-6)?
7
Let j(g) = -g + 8. Let z(o) = 25*o. Let w be z(1). Suppose -5*d = b - w, 4*b - d = -3*d + 10. What is the units digit of j(b)?
8
Suppose 5*j = 4*c - c + 22, -5*c - 4*j = -25. Let x be (-2 + 1)*(c + -1). Suppose -2*p + 2 = -x*p. What is the units digit of p?
1
Let v(s) = s**2 - 9*s + 2. Let x(y) = -y**3 + 2*y**2 + 3*y + 1. Let t be x(-2). What is the tens digit of v(t)?
2
Let c(j) = 3*j + 18*j**2 + 14*j**2 - 4*j - 2*j**2. What is the tens digit of c(1)?
2
Let l = 8 - 5. Suppose l*k - 42 = 18. What is the tens digit of k?
2
Let q be 13/3 - 8/(-12). Suppose -2*l + 21 - 61 = 3*j, -q*l = 5*j + 100. Let b = l + 40. What is the units digit of b?
0
Suppose 3*j - 2 = 4. Let g = 14 - j. What is the units digit of g?
2
What is the units digit of (3 + 105*-1)*3/(-6)?
1
Suppose -2*r = -20 + 2. What is the tens digit of 2*(117/2)/r?
1
Let l = 5 - 2. Let g be 15 - (1 - 1)/l. What is the units digit of (-27)/(-5) + (-6)/g?
5
Let s(v) = 2*v**2 - 8*v - 6. What is the tens digit of s(6)?
1
What is the tens digit of (22 - (0 - -1))*(-240)/(-56)?
9
What is the tens digit of (21/(-9))/(-1)*9?
2
Let c(a) = 15*a + 10. Let g be c(-4). Let y = g - -72. What is the tens digit of y?
2
Let f(d) be the third derivative of d**6/120 - 3*d**5/20 + 5*d**4/12 + 5*d**3/6 + 2*d**2. What is the tens digit of f(8)?
2
Suppose -4*z = z. Suppose -x - 3 = -z*x. Let b = x + 5. What is the units digit of b?
2
Suppose -25*d + 216 = -24*d. What is the units digit of d?
6
Suppose -3*x + 5 = -2*x. Suppose -2*p = 6, 11 - 3 = c - 2*p. Suppose -x*n = -c*n - 54. What is the units digit of n?
8
Let c = -12 + 17. Suppose 0 = 2*i + 2*d - 10, c = i + 4*d - d. Suppose 0 = s + 4, 2*s + 40 = i*l + 7. What is the units digit of l?
5
Let y(h) = 4*h + 10. Let z be y(-7). Let c be (-176)/z + (-6)/(-27). What is the units digit of (1 + c/(-6))*-12?
8
Suppose 0 = -5*m + m + 12. Let d = 3 - m. What is the units digit of 0 - -2*(5 - d)?
0
Let k = 2 - -3. Suppose 0*v + 44 = 3*n - 4*v, -n - k*v = -2. What is the tens digit of n?
1
Suppose 9 + 3 = 2*q. What is the units digit of q?
6
Suppose -7*l + 4*l = 39. What is the units digit of 1/(-4) - l/4?
3
Let y(j) = -j**2 + 4*j - 1. Let g be y(3). Let n(m) = -m**2 - 7*m - 4. Let r be n(-6). Suppose -5*f + 1 = 2*w, r*f + 3*f = -w - g. What is the units digit of w?
3
Let f be (-75)/(-27) + (-6)/(-27). Suppose -f*t + 1 = y, 6*y - 2*y = -4*t - 4. What is the units digit of 14*(0 - y/4)?
7
Let z = -10 + 28. Let u be ((-4)/6)/((-3)/z). Suppose 0*q + 2*q - 54 = -u*p, q - p - 15 = 0. What is the tens digit of q?
1
What is the hundreds digit of 1*(2*2 - 580/(-5))?
1
Suppose -5*j = -8*j + 81. What is the tens digit of j?
2
Suppose 2*d + 0*d = 34. Let f = -4 + d. What is the units digit of f?
3
Suppose -4*d + 2*c = -132 + 18, -3*c = -d + 16. What is the units digit of d?
1
Let u(p) = 39*p**2 - 3*p + 6. Let j be u(2). Suppose -5*l = -4*w - j - 56, -4*l - 5*w = -186. What is the units digit of l?
4
Suppose -5*s = -288 - 42. What is the tens digit of s?
6
Let m = 63 - 26. What is the units digit of m?
7
Suppose -l - 1 = 3. Suppose 0*a = -5*a - 60. Let h = l - a. What is the units digit of h?
8
Let r(h) be the second derivative of h**4/12 - 4*h**3/3 + 3*h**2/2 + 4*h. Let t be r(8). Let f = t + 13. What is the units digit of f?
6
Suppose -9*u + 8*u = -3. What is the units digit of u?
3
Let u = -49 - -25. Let d = -15 - u. What is the units digit of d?
9
Let b(w) = w - 1. Let z(f) = -11*f + 2. Let q(m) = -4*b(m) - z(m). What is the units digit of q(2)?
6
Suppose 3*w = -5*q + 175, -95 = -2*q - 3*w - 34. What is the tens digit of q?
3
Let a(z) = -2*z**2 - 2*z - 1. Suppose -5*r - 19 = 4*f, -9 = -3*f + r + 3*r. Let l be a(f). What is the units digit of ((l + 0)*10)/(-1)?
0
Suppose -n = -0*n + a, 0 = 3*n + a. Suppose -2*j + n + 2 = 0. What is the units digit of 10/3*3 - j?
9
Let h(f) = -f**3 - 17*f**2 - 17*f + 13. What is the units digit of h(-16)?
9
Suppose -5*r = -1 + 56. What is the tens digit of -1*81*r/33?
2
Suppose 2*s + 0*s = 60. What is the tens digit of s?
3
Let d(j) = 3*j - 7. Let i be d(6). Let x = -8 + i. Suppose -3*r + b + 13 = -b, 3*b = -x*r + 33. What is the units digit of r?
7
Let q(t) = t**3 + 12*t**2 + 6*t - 8. Let k be q(-11). Let y = k - 5. What is the tens digit of y?
4
Let w(p) = -p + 10. Let x be w(7). Suppose 3*y + 13 = 5*o - 0*y, o - 17 = -3*y. Suppose x*r - 4*r = -b - 19, -o*r - b + 71 = 0. What is the tens digit of r?
1
Suppose -3 + 0 = 3*c. What is the units digit of (-4 + c)*2/(-2)?
5
Let n(g) = -g**3 + 4*g**2 + 6*g - 2. Let b be 3 + 3/(-3) + 3. Let v be n(b). Suppose 0 = p - v*t - 5 - 3, 14 = 2*p - 4*t. What is the units digit of p?
5
Suppose 4*g = 5*q - 172, 2*q + 28 = -3*g + 106. Suppose -q = -6*j + 2*j. What is the units digit of j?
9
Let t(f) = -4*f - 4. Let n(z) = -3*z - 5. Let q(d) = 4*n(d) - 5*t(d). Let x be q(2). Suppose -h + 22 = h - 5*c, 4*h - x = -4*c. What is the units digit of h?
6
Suppose 2*c + c - 24 = 0. Let q = 2 + -1. What is the units digit of q/(-4) - (-26)/c?
3
What is the tens digit of (26 - -3) + -3 + 0?
2
Let i(y) = 109*y**2 - 2*y + 1. What is the tens digit of i(1)?
0
Let h be (-3 - -8) + -2 - -2. Suppose 0*s = h*s. Suppose s = -3*y + 18. What is the units digit of y?
6
Suppose 0 = -2*r + 4*h, h = -2*r + 13 - 3. Suppose -4*b - 66 = -5*a, 2*a = r*b + b + 40. What is the tens digit of a?
1
Let q(p) = p**2 - 4*p - 